 - (-7 + 4 - 0). Calculate the remainder when 26 is divided by b/(4 - (-228)/(-56)).
12
Suppose -5*y - 7 + 62 = 0. What is the remainder when 31 is divided by y?
9
Suppose 9*t - 4 = 131. Calculate the remainder when 56 is divided by t.
11
Suppose 8*w = 2*b + 4*w - 318, 4*b - w = 671. Calculate the remainder when b is divided by 43.
40
Let j = 46 - 7. Calculate the remainder when j is divided by 20.
19
Let b(g) = -8*g + 1. Suppose 0 = -3*c - 3. Calculate the remainder when 15 is divided by b(c).
6
Let k = 38 - 22. Let v = 8 - 5. Let d = k - v. Calculate the remainder when d is divided by 7.
6
Let n(y) be the first derivative of 20*y**3/3 - y**2/2 + 3. Calculate the remainder when n(1) is divided by 7.
5
Let y(f) = f**3 + 5*f**2 + 4*f - 4. Calculate the remainder when 2 is divided by y(-3).
0
Let v(l) = l - 5. Let z(x) = -x + 4. Let b(i) = -3*v(i) - 4*z(i). What is the remainder when (-2)/(-3) + 56/24 is divided by b(3)?
1
Let z(x) be the first derivative of -x**4/4 - 10*x**3/3 + 11*x**2/2 + 13*x - 5. What is the remainder when z(-11) is divided by 4?
1
Let q(l) be the second derivative of -l**3/2 - l**2 - 2*l. Calculate the remainder when q(-5) is divided by 4/(-6) - 437/(-57).
6
Suppose -26 = -4*x + 10. Let n(g) = -g**2 + 8*g + 17. What is the remainder when n(7) is divided by x?
6
Calculate the remainder when -2 - -6 - (-60 - (-1 - 0)) is divided by 16.
15
What is the remainder when 61 is divided by 10*(-3)/(75/(-80))?
29
Suppose 0*u + 2*u + 28 = 5*b, 4*b + 40 = -u. Let x = u + 41. Calculate the remainder when 33 is divided by x.
16
Let r(f) = -14*f**3 - f**2 - f - 1. Calculate the remainder when r(-1) is divided by 8.
5
Calculate the remainder when 2*(-9)/(-30)*205 is divided by 31.
30
Suppose -5*p = -n - 18, 3*p + 4 = -4*n + 1. Let r = -57 - -65. What is the remainder when r is divided by p?
2
Suppose 2*t + 2*d = 28 + 84, -5*d = -20. Calculate the remainder when t is divided by (-1 - 35)*(-1)/2.
16
Let u(f) = 2*f**2 - 2*f - 3. Calculate the remainder when u(-3) is divided by 12.
9
Let k be 10/15*6/4. Suppose 11 = 2*u + k. Suppose 8 + 10 = 2*p. Calculate the remainder when p is divided by u.
4
Suppose 3*v + 7 - 34 = 0. Let b be ((-3)/v)/((-1)/(-15)). Let y = b + 21. Calculate the remainder when 46 is divided by y.
14
Let g = -14 + 19. Suppose 2*z - 4*d - 36 = 0, -z + g = 2*d - 1. What is the remainder when 21 is divided by z?
9
Let s = 33 + -11. Let d(y) be the first derivative of y**2/2 + 11*y + 4. Calculate the remainder when s is divided by d(-5).
4
Let j(i) = -i**2 - 9*i - 3. Suppose -10 = -0*r - 2*r. Suppose -r*m + t + 1 = 29, -2*m = -3*t + 6. What is the remainder when j(m) is divided by 8?
7
Suppose 4*n + 3*g = 5*g + 18, 3*g - 17 = -5*n. Let z(j) = -j**3 - 18*j**2 + 20*j + 22. What is the remainder when n is divided by z(-19)?
1
Let f = -25 - -41. Suppose 0*r + 48 = 4*r. What is the remainder when (-3)/(-18) + 562/r is divided by f?
15
Let c = -110 - -178. Suppose 0 = -4*d + c - 16. What is the remainder when d is divided by 5?
3
Let o(p) be the first derivative of -2*p**2 + p - 2. Let m be o(1). Calculate the remainder when 4 is divided by m/9 - 20/(-6).
1
Let p(j) be the second derivative of j**3/6 + 3*j**2 + 2*j. Let z = -43 - -45. Calculate the remainder when p(-4) is divided by z.
0
Let p(z) = -z**2 + 3*z - 2. Let l be p(4). What is the remainder when 4 is divided by -2 - -2 - (4 + l)?
0
Suppose -8 = -4*k - 0*k - 2*q, 2*k = 5*q + 28. Suppose o - 227 = -6*j + j, k*o - 98 = -2*j. Calculate the remainder when j is divided by 24.
21
Let s = 8 - 12. What is the remainder when 24 is divided by 10 - (s - (1 + -2))?
11
Suppose 2*m - m = 5*g + 4, -4 = -m - g. Calculate the remainder when 26 is divided by m.
2
Let x = 8 - 4. Suppose 0 = 4*v - 8 - 0. Calculate the remainder when x is divided by v.
0
Suppose 0*v + 27 = 3*v + 4*f, 4*v - 37 = -5*f. Calculate the remainder when 21 is divided by v.
8
Let m = -14 + -28. Let j = m + 64. Calculate the remainder when 65 is divided by j.
21
Let y(l) = -6*l**3 + l**2 - l - 1. Let c = -2 + 1. What is the remainder when 12 is divided by y(c)?
5
Let v = 53 - 33. Let p = 76 - 25. Suppose -4*j + 5*j - p = -5*a, 26 = 2*a - j. What is the remainder when v is divided by a?
9
Let i = 20 + 54. Suppose 5*o = 25, t - 2*o + i = 3*t. Calculate the remainder when t is divided by 17.
15
Let g(u) = u**2 + 2*u + 3. What is the remainder when (-1)/(1/(-17) - 0) is divided by g(-3)?
5
Let q(v) = v**2 + 2*v - 8. What is the remainder when 13 is divided by q(-5)?
6
Suppose 0*z - 3*z - 3 = 0. What is the remainder when 9/3 - z*1 is divided by 2?
0
Suppose 0 = v - 4*c - 36, 3*v - 78 = 2*c - 5*c. Suppose 0 = -s + 2*z + 18, -2 = s + 3*z - 0*z. Calculate the remainder when v is divided by s.
8
Let k(s) be the first derivative of s**4/4 - 8*s**3/3 - 7*s**2/2 - 6*s + 1. Calculate the remainder when 44 is divided by k(9).
8
Let l = 285 - 186. What is the remainder when l is divided by 35?
29
Let y(i) = i**3 - 7*i**2 + 4*i - 15. What is the remainder when 36 is divided by y(7)?
10
What is the remainder when 54 is divided by (18/(-10))/((-3)/15) + -2?
5
Let z be (-2)/14 - (-22)/7. Suppose 15 = 5*y + t, z*y - 7 = -3*t + 2*t. What is the remainder when 9 is divided by y?
1
Let l be 7 + (2/2)/(-1). Suppose n = g + 3*n - l, -5*g + 86 = -4*n. Let q(w) = -w**3 + 12*w**2 - 10*w - 3. Calculate the remainder when g is divided by q(11).
6
Suppose 0 = r + 2*r. Suppose 5*u - u - 56 = r. Calculate the remainder when 51 is divided by u.
9
Let f be (-6)/(1 + 1/2). Suppose 26 = -2*s - 5*i, 0 = 4*s - i - 35 + 109. What is the remainder when (-65)/(-9) - f/s is divided by 3?
1
Let v = 38 + -19. Let o = 9 - -1. Let r = o - -45. Calculate the remainder when r is divided by v.
17
Let f(m) = 6*m**3 + 4*m**2 + 4*m - 14. What is the remainder when f(3) is divided by 18?
16
Suppose -4*n + 4 = -4. Suppose 16 = n*f - 0. What is the remainder when 22 is divided by f?
6
Suppose 21 = z - 25. Let p(x) = -4*x + 8. Calculate the remainder when z is divided by p(-2).
14
Let x = 18 - 7. Suppose -4*b + 48 = -4*p, 0*p + 10 = -2*p. Suppose -b - 25 = -w. What is the remainder when w is divided by x?
10
Let i = 15 + -17. Calculate the remainder when (-490)/(-15) - i/(-3) is divided by 11.
10
Let h(z) = -18*z - 74. Calculate the remainder when h(-9) is divided by 32.
24
Let l(f) = -26*f - 3. What is the remainder when l(-3) is divided by 26?
23
Let k(m) = -m**3 - 8*m**2 + 10*m + 1. Calculate the remainder when k(-10) is divided by 26.
23
Suppose -2*d + k + 35 = 2*d, 0 = -d + k + 8. Let j(s) = 3*s - 12. What is the remainder when 29 is divided by j(d)?
14
Let u = -13 + 24. Suppose 15 = 3*m, 2*l - 5*l - 4*m - 4 = 0. Let t = l + 12. What is the remainder when u is divided by t?
3
Let k(r) = r**3 - 4*r**2 + 2*r - 5. Let l be 0 - -2 - -3*1. Let m(v) = v**3 - 5*v**2 + v + 3. Calculate the remainder when m(l) is divided by k(4).
2
Let g(m) = 11*m - 1. Calculate the remainder when 48 is divided by g(1).
8
Suppose -3*q + 16 = -200. What is the remainder when q is divided by 25?
22
Let d(q) = -2*q**3 - 6*q**2 + 4*q + 3. Calculate the remainder when d(-4) is divided by 3.
1
Calculate the remainder when 30 is divided by (-40)/30*(-12)/1.
14
Let h = 6 - 4. Calculate the remainder when 31 is divided by 11*(h - -1)/3.
9
Suppose -2*w + 60 = -4*k, 5*w - 105 = -3*k - 20. Suppose 4*c - 35 + 7 = 0. What is the remainder when w is divided by c?
6
Suppose -k + 6*d = 4*d - 22, 0 = 2*k - 5*d - 49. What is the remainder when 21 is divided by k?
9
Suppose 21 + 3 = 4*y + 3*c, 0 = -3*c. Let s(r) = 2*r - 1 + 3 + 0 - 4*r. Calculate the remainder when s(-7) is divided by y.
4
Suppose s - 2*s + 32 = -t, 3*s + 5*t = 104. Suppose 4*v - 22 - 14 = 0. Calculate the remainder when s is divided by v.
6
Let c = 26 - 21. What is the remainder when 13 is divided by c?
3
Let f be (-9)/(-3) + 2/2. Calculate the remainder when 273/6 + 1/2 is divided by 2/(-5)*(-36 - f).
14
Let h(t) = t**3 + 7*t**2 + 8*t + 4. What is the remainder when (10/(-15))/(2/(-75)) is divided by h(-5)?
11
Let b be (-240)/(-21) + (-12)/(-21). Suppose 6*p - b = 12. What is the remainder when 6 is divided by p?
2
Suppose -8*t = -5*t - 15. Let i be 2/(-8) + (-26)/(-8). Suppose -99 = -t*a - i*r, -3*r + 58 - 13 = 2*a. Calculate the remainder wh